he remainder when 1761 is divided by 43?
41
What is the remainder when 151 is divided by 61?
29
What is the remainder when 2859 is divided by 936?
51
What is the remainder when 4819 is divided by 19?
12
Calculate the remainder when 613 is divided by 208.
197
What is the remainder when 634 is divided by 106?
104
Calculate the remainder when 205 is divided by 52.
49
Calculate the remainder when 12 is divided by 7.
5
Calculate the remainder when 189 is divided by 12.
9
What is the remainder when 272 is divided by 119?
34
Calculate the remainder when 172 is divided by 25.
22
What is the remainder when 5838 is divided by 727?
22
What is the remainder when 676 is divided by 12?
4
What is the remainder when 69 is divided by 4?
1
Calculate the remainder when 387 is divided by 39.
36
Calculate the remainder when 3644 is divided by 16.
12
Calculate the remainder when 42 is divided by 33.
9
Calculate the remainder when 1863 is divided by 618.
9
What is the remainder when 1836 is divided by 307?
301
What is the remainder when 1048 is divided by 25?
23
Calculate the remainder when 2135 is divided by 34.
27
Calculate the remainder when 174 is divided by 18.
12
Calculate the remainder when 16 is divided by 13.
3
What is the remainder when 180 is divided by 13?
11
What is the remainder when 274 is divided by 35?
29
Calculate the remainder when 126 is divided by 48.
30
Calculate the remainder when 89 is divided by 26.
11
What is the remainder when 1384 is divided by 73?
70
Calculate the remainder when 44 is divided by 16.
12
What is the remainder when 559 is divided by 105?
34
What is the remainder when 422 is divided by 115?
77
What is the remainder when 235 is divided by 30?
25
What is the remainder when 77 is divided by 32?
13
Calculate the remainder when 3472 is divided by 22.
18
Calculate the remainder when 10742 is divided by 158.
156
Calculate the remainder when 113 is divided by 10.
3
Calculate the remainder when 979 is divided by 489.
1
What is the remainder when 8621 is divided by 69?
65
Calculate the remainder when 1345 is divided by 90.
85
Calculate the remainder when 547 is divided by 110.
107
Calculate the remainder when 1425 is divided by 285.
0
Calculate the remainder when 521 is divided by 86.
5
Calculate the remainder when 3576 is divided by 1189.
9
What is the remainder when 5420 is divided by 113?
109
Calculate the remainder when 6613 is divided by 2202.
7
What is the remainder when 1510 is divided by 250?
10
Calculate the remainder when 567 is divided by 157.
96
Calculate the remainder when 248 is divided by 10.
8
Calculate the remainder when 181 is divided by 37.
33
What is the remainder when 1042 is divided by 104?
2
Calculate the remainder when 128 is divided by 65.
63
Calculate the remainder when 1660 is divided by 827.
6
Calculate the remainder when 53 is divided by 9.
8
Calculate the remainder when 23201 is divided by 39.
35
What is the remainder when 158 is divided by 16?
14
Calculate the remainder when 387 is divided by 186.
15
Calculate the remainder when 128 is divided by 26.
24
Calculate the remainder when 1677 is divided by 3.
0
Calculate the remainder when 1064 is divided by 89.
85
What is the remainder when 2942 is divided by 55?
27
What is the remainder when 813 is divided by 68?
65
Calculate the remainder when 3909 is divided by 91.
87
What is the remainder when 121 is divided by 66?
55
What is the remainder when 286 is divided by 141?
4
Calculate the remainder when 346 is divided by 195.
151
Calculate the remainder when 1546 is divided by 103.
1
What is the remainder when 2119 is divided by 20?
19
Calculate the remainder when 5720 is divided by 84.
8
What is the remainder when 286 is divided by 36?
34
What is the remainder when 3431 is divided by 127?
2
What is the remainder when 1641 is divided by 97?
89
Calculate the remainder when 144 is divided by 22.
12
Calculate the remainder when 2308 is divided by 33.
31
Calculate the remainder when 224 is divided by 33.
26
What is the remainder when 224 is divided by 43?
9
Calculate the remainder when 1129 is divided by 126.
121
What is the remainder when 29 is divided by 6?
5
What is the remainder when 1114 is divided by 9?
7
What is the remainder when 292 is divided by 7?
5
What is the remainder when 378 is divided by 62?
6
Calculate the remainder when 12474 is divided by 25.
24
What is the remainder when 1838 is divided by 5?
3
Calculate the remainder when 111 is divided by 67.
44
What is the remainder when 10 is divided by 7?
3
What is the remainder when 480 is divided by 98?
88
What is the remainder when 234 is divided by 47?
46
Calculate the remainder when 206 is divided by 110.
96
Calculate the remainder when 11762 is divided by 111.
107
What is the remainder when 411 is divided by 214?
197
What is the remainder when 1291 is divided by 46?
3
What is the remainder when 484 is divided by 17?
8
Calculate the remainder when 94377 is divided by 52.
49
What is the remainder when 5718 is divided by 65?
63
Calculate the remainder when 39 is divided by 24.
15
What is the remainder when 30528 is divided by 71?
69
Calculate the remainder when 213 is divided by 45.
33
Calculate the remainder when 4324 is divided by 117.
112
What is the remainder when 350 is divided by 6?
2
What is the remainder when 99 is divided by 89?
10
Calculate the remainder when 12711 is divided by 326.
323
Calculate the remainder when 1764 is divided by 251.
7
What is the remainder when 176 is divided by 60?
56
Calculate the remainder when 1308 is divided by 69.
66
Calculate the remainder when 647 is divided by 24.
23
What is the remainder when 103 is divided by 20?
3
Calculate the remainder when 237 is divided by 20.
17
What is the remainder when 494 is divided by 33?
32
Calculate the remainder when 2491 is divided by 106.
53
Calculate the remainder when 1844 is divided by 33.
29
What is the remainder when 364 is divided by 137?
90
What is the remainder when 1534 is divided by 11?
5
What is the remainder when 1072 is divided by 45?
37
What is the remainder when 299 is divided by 30?
29
What is the remainder when 524 is divided by 259?
6
What is the remainder when 14148 is divided by 7068?
12
What is the remainder when 395 is divided by 276?
119
Calculate the remainder when 2795 is divided by 698.
3
What is the remainder when 701 is divided by 696?
5
What is the remainder when 478 is divided by 23?
18
Calculate the remainder when 20634 is divided by 16.
10
Calculate the remainder when 1318 is divided by 15.
13
What is the remainder when 93 is divided by 34?
25
What is the remainder when 96 is divided by 27?
15
What is the remainder when 1258 is divided by 30?
28
Calculate the remainder when 249 is divided by 17.
11
What is the remainder when 206 is divided by 13?
11
What is the remainder when 5099 is divided by 1699?
2
Calculate the remainder when 3768 is divided by 46.
42
What is the remainder when 148 is divided by 16?
4
What is the remainder when 178 is divided by 10?
8
What is the remainder when 297 is divided by 36?
9
Calculate the remainder when 1307 is divided by 43.
17
What is the remainder when 499 is divided by 36?
31
Calculate the remainder when 423 is divided by 34.
15
What is the remainder when 16 is divided by 8?
0
Calculate the remainder when 375 is divided by 64.
55
Calculate the remainder when 434 is divided by 97.
46
Calculate the remainder when 439 is divided by 21.
19
What is the remainder when 237 is divided by 30?
27
Calculate the remainder when 398 is divided by 74.
28
What is the remainder when 637 is divided by 40?
37
Calculate the remainder when 1149 is divided by 14.
1
What is the remainder when 149 is divided by 55?
39
What is the remainder when 1579 is divided by 23?
15
What is the remainder when 3428 is divided by 24?
20
Calculate the remainder when 299 is divided by 53.
34
What is the remainder when 139 is divided by 29?
23
Calculate the remainder when 226 is divided by 64.
34
What is the remainder when 5575 is divided by 18?
13
What is the remainder when 243 is divided by 57?
15
What is the remainder when 1182 is divided by 36?
30
Calculate the remainder when 147 is divided by 25.
22
What is the remainder when 67 is divided by 24?
19
What is the remainder when 3139 is divided